et r = -110 - -116. Let w(v) be the second derivative of -v**4/12 + 5*v**3/6 + 5*v**2/2 + 413*v. Calculate w(r).
-1
Suppose -13009*y - 28 = -12995*y. Let r(h) = -5*h + 4. Calculate r(y).
14
Suppose -2*w + 30 = 5*n - 15, -3*n + 21 = w. Let k = w - 28. Let v(y) = 2*y**2 + 161*y**3 - 3 - y**2 - 160*y**3 + 2*y. Calculate v(k).
13
Let d(j) = j**2 - 5*j. Let g(r) = -3*r**2 + 14*r - 1. Let n(i) = -8*d(i) - 3*g(i). Suppose -h = 2*x + 9, -h + 2*x - 3*x = 6. What is n(h)?
18
Let g(i) = -i**3 + 2*i**2 - i - 2. Suppose 9*r = 6*r + 90. Suppose -r = -6*d + 4*d. Suppose -16 = d*s - 46. What is g(s)?
-4
Let k(l) = l**2 + 8*l + 10. Let d be k(-5). Let j(y) = -11*y + 7. Let n(w) = -25*w + 15. Let z(m) = d*j(m) + 2*n(m). What is z(6)?
25
Let s(u) = -4*u**3 - 6*u**2 - 3*u - 1. Let v(q) = 9*q**3 + 12*q**2 + 7*q + 1. Let x(c) = 7*s(c) + 3*v(c). Let f be (5/(-10))/((-5)/(-60)). Calculate x(f).
-4
Let l be (-16 - -11) + (0 + -3)/(8 - 9). Let o(p) = 5*p**3 + 2*p**2 + 2. Give o(l).
-30
Let d(x) = -9*x**3 - 1. Let y = -156 - -157. Let t(o) = o**3 - o. Let m(i) = y*d(i) + t(i). Give m(-1).
8
Let q(l) = 4*l**3 - 36*l**2 + 22*l - 15. Let f(v) = -15*v**3 + 139*v**2 - 88*v + 60. Let n(s) = -3*f(s) - 11*q(s). Calculate n(20).
25
Let r(k) = 0*k - 2*k + 4*k + 4. Let d be -9 - 1 - (8/(-204) + 4242/(-1071)). Give r(d).
-8
Let b be (24 + -2 - 80/16) + -11. Let g(j) = -52*j**2 + 315*j - 14. Calculate g(b).
4
Let q(r) = -11*r**3 - 36*r**2 + 15*r + 22. Let j(v) = 5*v**3 + 17*v**2 - 7*v - 12. Let l(w) = -9*j(w) - 4*q(w). What is l(-9)?
-7
Let z = -44 + -70. Let q = 119 + z. Let s(t) = -4*t - 2. Determine s(q).
-22
Let w(i) = 4*i**2 + 4 - 3*i - i**3 - 2 - 5*i**3. Suppose q + 3*p + 1 = 0, 3*q + 50*p = 47*p + 3. Determine w(q).
-36
Let z(q) = 62*q + 175. Let h(o) = 34*o + 97. Let i(b) = -29*h(b) + 16*z(b). What is i(9)?
41
Let x(d) = -40 + 16 + 16 - 2*d**2 + 22 - 20 + 7*d. Calculate x(3).
-3
Suppose -u = -2*u - d - 102, -4*u - 3*d = 407. Let k = u - -96. Let c(a) = a**2 + 5*a - 1. Determine c(k).
-1
Let r(z) = -7*z + 1. Let a = -149 + 175. Suppose -24*n = -a*n + 8. Determine r(n).
-27
Let c(k) = 541*k - 1071*k - 15 - k**3 + 544*k + 12*k**2. Calculate c(13).
-2
Let k(x) = -23*x**3 + 6*x**2 - 15*x - 9. Let l(s) = 3*s**3 - 2*s**2 + 2*s. Let f(u) = k(u) + 8*l(u). Give f(10).
1
Let p(d) = 35*d + 68. Let h(m) = -6*m + 2. Let t(q) = -5*h(q) - p(q). What is t(-16)?
2
Let f = 213 - 206. Suppose 11 = h - 3*t, -f = -4*h + 3*h + t. Let u(q) = q**3 - 7*q**2 + 7*q - 6. Give u(h).
-21
Let f(k) = k**3 + 15*k**2 + 13*k - 18. Let j = 47 + -11. Let a = j + -50. Let b be f(a). Let q(g) = -2*g**2 - 6*g - 5. Determine q(b).
-13
Suppose -10 = -16*y + 11*y. Let l(a) = -2 - y*a - a**3 + 0*a**3 - 2*a + 4 + 4*a**2. Determine l(3).
-1
Let q(r) = -11*r**2 - 29*r - 21. Let u be q(-2). Let g(b) = -b**2 - 7*b - 21. Calculate g(u).
-21
Let f(n) = n**2 + 3*n - 6. Let j be (32/(-12))/(((-16)/(-30))/(24/30)). What is f(j)?
-2
Let z(j) = -j + 9455132 - 9455141 - 3*j + j**2. What is z(-2)?
3
Let r be 0/((10/(-4) - -3)*2). Let i(t) = 41*t**2 + 4*t + 11. Let o be i(-2). Let m(u) = 167*u - u**2 - o*u - 14. Determine m(r).
-14
Let s(u) = -35*u**3 - 60*u**2 + 19 + 121*u**2 - 38*u**2 + 34*u**3. Calculate s(23).
19
Let g(j) be the third derivative of -j**3/6 + 159*j**2 - 2*j. Let r(b) = 3*b - 31. Let z(c) = -3*g(c) - r(c). Determine z(10).
4
Let d(b) = -b**2 - 20*b - 61. Let v(g) = 2*g**2 + 21*g + 60. Let w(h) = -3*d(h) - 2*v(h). Determine w(21).
0
Let v(a) be the first derivative of a**4/2 + 29*a**3/3 + 8*a**2 + 22*a + 1754. Give v(-14).
-6
Let o(g) be the second derivative of g**5/20 + 7*g**4/12 + 7*g**3/6 - 4*g**2 + 2*g. Let q(v) = 4*v**2 + 207*v - 1392. Let m be q(6). Determine o(m).
-14
Suppose -k + 27 = 15. Let r(q) be the second derivative of q**3/6 - q**2 - 10*q. Give r(k).
10
Let s(w) = -w**3 + 3*w**2 + 5*w + 2. Let d(g) = 4*g**3 - g + 1. Let o(x) = x**2 + 2*x - 5*x + 1 + 0 - 4*x. Let a be o(7). Let f be d(a). Calculate s(f).
6
Let c(o) = 26*o - 598. Let v be c(23). Let f(t) = t**2 + t - 8. Let m(k) = k**2 + k - 8. Let z(i) = 3*f(i) - 4*m(i). Give z(v).
8
Suppose -104*n = -98*n - 18. Let f(r) = -4*r - n*r**2 + 9*r - 7*r + 2*r**2 + 2. Calculate f(-4).
-6
Let t(g) be the first derivative of g**4/4 + 6*g**3 + 17*g**2/2 - 20*g + 136. Give t(-17).
-20
Let f(r) = 65*r**2 + 3*r - 3. Let b be f(1). Let q = b - 67. Let y be 4 - (q - (-1 - 0)). Let d(g) = -g + 1. Give d(y).
-4
Let v(j) = 3*j**2 - 2*j + 1. Let u = 0 + 2. Let m be v(u). Let f(n) be the third derivative of -n**5/60 + 3*n**4/8 - n**3/3 - 2971*n**2. Calculate f(m).
-2
Let m(a) be the second derivative of -a**5/10 - a**4/2 + 10*a**3/3 + 3*a**2 - 70*a. Let f be m(-5). Let y(l) = l + 2. Calculate y(f).
8
Let o(t) = 4*t + 5. Suppose 3*g + 20 - 68 = 0. Suppose -5 - g = -w. Suppose 3*b + w = 3*k, k = b + 6*k + 1. Give o(b).
-19
Let n(b) = 0*b + 17 + 13 + 3 - b - 7. Determine n(21).
5
Let d(k) = k**3 - 13*k**2 + 5*k - 11. Let q be d(13). Let x = q - 49. Let y(i) = 105 - 208 - i**2 + 107 + 6*i. Determine y(x).
9
Let v(r) = 11 + r + 2*r - 7*r + 0*r + 48. Calculate v(15).
-1
Let w(u) = u + 1. Suppose 9*k = 4*k - 10. Let g be (0/(2 + -4))/k. Suppose g = -q + z + 11, 4*q - 22 = -z + 2. What is w(q)?
8
Let t(x) = x**3 - 2*x**2 - 5*x + 4. Let f(i) = -i**3 + 8*i**2 + 2*i - 13. Suppose -3*w = -279 + 255. Let o be f(w). Calculate t(o).
-2
Let z(c) = c**3 + 3*c**2 - 3*c + 50. Let x(p) = 5*p**3 + 19*p**2 - 10*p + 215. Let w(g) = x(g) - 4*z(g). Suppose -y = 4*y + 35. Give w(y).
1
Let l(n) = n**2 + 39*n - 11. Let c(b) = -b + 20. Let a(h) = 4*c(h) + l(h). Give a(-33).
3
Let v(z) = z**2 - z - 1. Let r(w) = -5*w**2 + 10*w + 8. Let f(x) = r(x) + 6*v(x). Suppose 0 = 4*m - 4*s - 4, m + s - 21 = 6*s. Give f(m).
2
Let v(h) = 24 - 27 - 4534*h + 11 + 4464*h. Give v(1).
-62
Let u(f) be the third derivative of -2 + 24*f**2 + 1/6*f**3 + 0*f - 1/24*f**4. Let q = 13 + -18. What is u(q)?
6
Suppose -i + o + 13 = 20, 5*i - 2*o + 32 = 0. Let g be 7 + (-35)/5 + i/(-3). Let c(y) = -y**3 + y**2 + 2. Give c(g).
-2
Suppose 3*i + 2*i + 9 = t, -t = i - 3. Let g(w) = -5*w**2 + 94*w + 4*w**2 - 181*w + 87*w. Determine g(i).
-1
Suppose -4*p - 9 = -9. Let a(i) = -15 - 3*i**2 + 5 + 5*i**2 + 5. Let j be a(p). Let z(n) = n**3 + 4*n**2 - 6*n + 3. What is z(j)?
8
Let h(a) = a**2 - 2*a - 14. Let r be h(5). Suppose r = 6*w + 25. Let n = w - -8. Let c(p) = 2*p**2 - 5*p + 2. Determine c(n).
14
Suppose w = 5 - 1. Suppose -w*k = 5*d - 221, -42 = -d - 0*k - 3*k. Let b(s) = -5*s**2 + 44 + 17*s**2 - d. What is b(-1)?
11
Let q(u) be the first derivative of 6*u + u**3 - 1/4*u**4 + 39 - 7/2*u**2. What is q(4)?
-38
Let u(s) = s**3 + 13*s**2 + 11*s - 6. Suppose -5*x = -5*r - 2*x + 18, x = -4*r + 11. Suppose -4*t - 45 = r. What is u(t)?
6
Suppose -19*w + 31*w - 72 = 0. Let m be 1/(0 + (w/54 - 0)). Let s(l) = l**2 - 11*l + 18. Give s(m).
0
Let n(y) = -3397452*y**2 + 3397459*y**2 + 4 - 14*y - 9*y. Give n(2).
-14
Let y(u) = u**2 + 23*u - 62. Suppose -98 = 4*p + g, 4*p + 5*g = 6*g - 110. Determine y(p).
16
Let m(s) = 495*s**2 + 0*s + 2*s - 491*s**2 + 2 - 4*s. Suppose -4 = -j + 3*u, -1 - 2 = -2*j + u. Let i be m(j). Let y(v) = -v**2 + 5*v. What is y(i)?
4
Let m(b) = 3*b - 1. Let l = 101 + 149. Let o = -243 + l. What is m(o)?
20
Let s(a) = a**2 - 14*a + 13. Let v(u) = -2*u + 40. Let k be v(-4). Suppose -k = 9*w - 165. Give s(w).
0
Let w be (193 - 199) + (-9 - 3/3). Let a(l) = 0*l**2 + 3 - l**2 + 15 - 15*l. Calculate a(w).
2
Suppose -4*s - 36 = -4*i + i, 0 = 2*s. Let o(u) = -i + 14 + 0*u + 2*u**2 + u. Suppose -13*d = -40*d + 54. Give o(d).
12
Let d(u) = -u**3 + 2*u**2 - 4*u + 2. Let g(j) = j**3 - 23*j**2 - 7*j + 33. Let h(l) = -2*d(l) - g(l). Determine h(-18).
17
Let h(x) = 2*x + 1. Let r(n) = 19*n - 54. Let f(c) = 3*h(c) - r(c). Let y be f(4). Let u(t) = t**3 - 6*t**2 + 7*t + 1. Determine u(y).
11
Let f(h) = -2*h + 12. Let n = 4311 + -4305. Calculate f(n).
0
Suppose -l + 51*v + 48 = 54*v, v = -13*l - 22. Let o(y) = -10*y - 24. Let c(g) = 5*g + 12. Let u(f) = 5*c(f) + 2*o(f). Determine u(l).
-3
Let u(i) be the second derivative of i**5/60 - i**4/2 + 13*i**3/6 + 39*i**2/2 - 108*i. Let f(k) be the first derivative of u(k). Determine f(9).
-14
Let a = -278 - -267. Let m(n) = -6*n**3 + 70*n**2 + 60*n + 23. Let o(x) = -x**3 + 14*x**2 + 12*x + 5. Le